hat is the remainder when 27114 is divided by 13551?
12
What is the remainder when 193140681 is divided by 2222?
2219
Calculate the remainder when 146386950 is divided by 29.
25
Calculate the remainder when 3939172 is divided by 42817.
8
What is the remainder when 184651 is divided by 1020?
31
What is the remainder when 391544 is divided by 2?
0
Calculate the remainder when 20616396 is divided by 369.
366
Calculate the remainder when 5591839 is divided by 1569.
1492
What is the remainder when 37449 is divided by 12475?
24
What is the remainder when 318170 is divided by 361?
129
What is the remainder when 3450564 is divided by 49?
33
Calculate the remainder when 239364 is divided by 47856.
84
What is the remainder when 42107 is divided by 13972?
191
What is the remainder when 967324 is divided by 859?
90
What is the remainder when 2423158 is divided by 42?
10
What is the remainder when 43983334 is divided by 5414?
5412
Calculate the remainder when 806998 is divided by 1285.
18
Calculate the remainder when 2998568 is divided by 365.
93
What is the remainder when 41788368 is divided by 10?
8
Calculate the remainder when 2117756 is divided by 522.
2
What is the remainder when 16871594 is divided by 5623855?
29
Calculate the remainder when 2029508 is divided by 4059.
8
Calculate the remainder when 2806 is divided by 92.
46
Calculate the remainder when 351520399 is divided by 876.
871
Calculate the remainder when 208054 is divided by 282.
220
Calculate the remainder when 11533612 is divided by 2883402.
4
What is the remainder when 85261 is divided by 476?
57
Calculate the remainder when 16589 is divided by 5899.
4791
What is the remainder when 198693 is divided by 907?
60
Calculate the remainder when 8323373 is divided by 1040418.
29
Calculate the remainder when 283291 is divided by 12453.
9325
Calculate the remainder when 780329 is divided by 1168.
105
Calculate the remainder when 675759 is divided by 48258.
147
What is the remainder when 491461 is divided by 17552?
5
What is the remainder when 157612 is divided by 488?
476
What is the remainder when 180032 is divided by 35978?
142
What is the remainder when 691522 is divided by 106?
84
Calculate the remainder when 461445 is divided by 24276.
201
Calculate the remainder when 157239 is divided by 163.
107
Calculate the remainder when 201032 is divided by 633.
371
What is the remainder when 3309019 is divided by 55?
54
Calculate the remainder when 149925 is divided by 361.
110
What is the remainder when 10939739 is divided by 49?
48
What is the remainder when 2397598 is divided by 10998?
34
Calculate the remainder when 430953 is divided by 215475.
3
What is the remainder when 88535679 is divided by 1849?
12
Calculate the remainder when 60548 is divided by 4019.
263
Calculate the remainder when 475129 is divided by 9316.
13
Calculate the remainder when 4280842 is divided by 19.
9
Calculate the remainder when 4366155 is divided by 4366155.
0
Calculate the remainder when 9919 is divided by 870.
349
Calculate the remainder when 6332109 is divided by 60.
9
What is the remainder when 65589361 is divided by 86?
85
Calculate the remainder when 225319 is divided by 1994.
1991
Calculate the remainder when 1285309 is divided by 604.
601
Calculate the remainder when 38169 is divided by 2126.
2027
What is the remainder when 206221 is divided by 6650?
71
Calculate the remainder when 107359671 is divided by 53653.
18
Calculate the remainder when 272691 is divided by 26265.
10041
Calculate the remainder when 2720503 is divided by 136025.
3
What is the remainder when 4523573 is divided by 1585?
1568
Calculate the remainder when 35397317 is divided by 7079463.
2
Calculate the remainder when 44298 is divided by 5435.
818
What is the remainder when 9712227 is divided by 209?
206
Calculate the remainder when 79791731 is divided by 7.
5
Calculate the remainder when 103434025 is divided by 11553.
16
What is the remainder when 16864150 is divided by 19?
16
Calculate the remainder when 19157356 is divided by 418.
416
Calculate the remainder when 81720 is divided by 5150.
4470
What is the remainder when 17670 is divided by 5856?
102
Calculate the remainder when 12284 is divided by 24.
20
What is the remainder when 413243 is divided by 733?
564
What is the remainder when 2439815 is divided by 2439725?
90
What is the remainder when 534002 is divided by 177997?
11
What is the remainder when 28031087 is divided by 3503870?
127
What is the remainder when 108455254 is divided by 156?
154
What is the remainder when 3034860 is divided by 369?
204
Calculate the remainder when 2633292 is divided by 1316247.
798
Calculate the remainder when 6222765 is divided by 228.
189
What is the remainder when 4111408 is divided by 1812?
1792
What is the remainder when 12115101 is divided by 930?
921
Calculate the remainder when 113487 is divided by 2006.
1151
What is the remainder when 45846353 is divided by 1949?
26
What is the remainder when 385220 is divided by 551?
71
Calculate the remainder when 103322578 is divided by 956.
10
Calculate the remainder when 16095704 is divided by 648.
32
Calculate the remainder when 2929764 is divided by 5848.
5764
What is the remainder when 26625124 is divided by 68?
64
What is the remainder when 44385387 is divided by 658?
655
What is the remainder when 899087 is divided by 289?
8
Calculate the remainder when 5688636 is divided by 53.
40
What is the remainder when 145507728 is divided by 29101541?
23
Calculate the remainder when 2011679 is divided by 670557.
8
Calculate the remainder when 567214 is divided by 6029.
488
Calculate the remainder when 342851 is divided by 68088.
2411
Calculate the remainder when 8157606 is divided by 7920.
6
Calculate the remainder when 4786721 is divided by 4786717.
4
What is the remainder when 29647807 is divided by 2345?
2317
What is the remainder when 31881 is divided by 7942?
113
What is the remainder when 3679574 is divided by 1226435?
269
What is the remainder when 490265 is divided by 323?
274
Calculate the remainder when 2468110 is divided by 8.
6
What is the remainder when 25655843 is divided by 82?
11
What is the remainder when 1078111 is divided by 51336?
55
What is the remainder when 210989 is divided by 30009?
926
What is the remainder when 1095237 is divided by 547532?
173
What is the remainder when 914280 is divided by 2632?
976
Calculate the remainder when 2096458 is divided by 524059.
222
What is the remainder when 16370337 is divided by 19?
13
Calculate the remainder when 16396767 is divided by 518.
513
Calculate the remainder when 33760 is divided by 32106.
1654
Calculate the remainder when 10215818 is divided by 29188.
18
Calculate the remainder when 6471940 is divided by 48298.
8
Calculate the remainder when 1214360 is divided by 275.
235
What is the remainder when 2091327 is divided by 108?
15
What is the remainder when 51525707 is divided by 223?
219
Calculate the remainder when 2062820 is divided by 1031063.
694
Calculate the remainder when 109733099 is divided by 9144424.
11
What is the remainder when 553128 is divided by 184033?
1029
Calculate the remainder when 359869 is divided by 3301.
60
Calculate the remainder when 20134110 is divided by 2339.
2337
Calculate the remainder when 39926 is divided by 19748.
430
Calculate the remainder when 2762865 is divided by 836.
721
Calculate the remainder when 236695 is divided by 287.
207
What is the remainder when 165925 is divided by 10852?
3145
Calculate the remainder when 7529 is divided by 531.
95
Calculate the remainder when 247696 is divided by 2714.
722
Calculate the remainder when 688300 is divided by 1950.
1900
Calculate the remainder when 6981643 is divided by 230.
223
Calculate the remainder when 15641548 is divided by 121.
120
Calculate the remainder when 811390 is divided by 11039.
5543
Calculate the remainder when 359940 is divided by 179323.
1294
What is the remainder when 832961 is divided by 1245?
56
What is the remainder when 2424714 is divided by 484941?
9
What is the remainder when 18394107 is divided by 256?
251
Calculate the remainder when 13673637 is divided by 5249.
5241
Calculate the remainder when 39831 is divided by 36349.
3482
Calculate the remainder when 539813403 is divided by 6